 w(6).
3
Let b(s) = -s**3 - 5*s**2 + s + 5. Let o be b(-5). Suppose 0 = -4*m + 12 - o. Suppose -3 = m*n + 3*d, -2*n = 2*n - 5*d - 23. What are the prime factors of n?
2
Suppose -11 = -4*v - o, v + 5*o = -0*o - 2. Suppose v = a - 13. List the prime factors of a.
2
Let n = -3 + 5. Let v = 1 + n. Suppose b - v = 5. What are the prime factors of b?
2
Let k be (3 - -38)/((-2)/2). Let t = 58 + k. List the prime factors of t.
17
Let c = -3 - -5. Let j = c + -1. What are the prime factors of (j - 1) + 6/3?
2
Let a be -1 - (2 - -10) - 1. Let y = a + 22. What are the prime factors of y?
2
Let q = 8 - 16. List the prime factors of ((-82)/q)/(2/8).
41
Suppose -5*r + 0*z + 530 = 5*z, -z + 409 = 4*r. List the prime factors of r.
101
Let d(k) = -k + 11. Let s be d(7). Suppose 3*n + g - 67 = 0, -g = 3*n - s*g - 87. List the prime factors of n.
2, 3
Let b(i) = -i - 2. What are the prime factors of b(-6)?
2
Suppose 6*v = 5*v + 14. Let n = 1 + v. List the prime factors of n.
3, 5
Let q(r) = 4*r**3 - 2*r**2 + 2*r + 3. Let x be q(3). Suppose -2*n = x - 309. List the prime factors of -2*(n/6)/(-5).
7
Let u(k) = 4*k. Let i be u(3). Suppose -5*n = 3*w - 2*n - i, 3*w + 4*n = 13. List the prime factors of w.
3
Suppose -5*s + 2 = -3. Suppose 2*i - s = -5*n - 0, n = 2*i - 7. List the prime factors of i.
3
Let r be 4*(1/(-1) - -2). Suppose -r*j - 7 = 9. Let c(z) = -z**3 - 4*z**2 - 2*z - 1. List the prime factors of c(j).
7
Let o = 36 + -24. What are the prime factors of o?
2, 3
Let f = 9 - -24. What are the prime factors of f?
3, 11
Suppose -3*z = -549 + 225. List the prime factors of z.
2, 3
Let m = 14 + -13. What are the prime factors of 3/(-9)*m*-45?
3, 5
Suppose -9*q + 2270 = q. What are the prime factors of q?
227
Let x(r) = r**2 + 6*r. Let k be (-955)/(-45) - 4/18. Suppose 3*s + k = -0*s. What are the prime factors of x(s)?
7
Let y be (-8)/6 - 4/6. Let g be -2 + (1 - -11)/(-1). Let z = y - g. List the prime factors of z.
2, 3
List the prime factors of 3 - (0 + (-4 - 34)).
41
Let k = -2 + 5. Suppose -k*u = -2 - 4. Suppose u*p = 4*p - 6. List the prime factors of p.
3
Suppose 0 = -3*d + 46 + 14. Suppose 2*q - 3*o + 8*o = d, -2*q - 3*o = -20. What are the prime factors of q?
2, 5
Let k(a) = a**3 + 8*a**2. Let h be k(-8). Suppose -4*c + h + 8 = 0. What are the prime factors of c?
2
Suppose 5 = -3*u + 77. List the prime factors of u.
2, 3
Suppose 0*t = 4*t + 56. Let w = -5 - t. What are the prime factors of w?
3
Let z = -70 + 127. What are the prime factors of z?
3, 19
Suppose 0 = -6*v + 17 + 463. List the prime factors of v.
2, 5
Let t(o) = -o + 10. Let d be t(7). Suppose -2*p = -h + 3*h + 2, -d*h = 12. List the prime factors of p.
3
Let z(m) = m + 15. Let c be z(-15). Suppose -5*b + 0*b + 130 = c. List the prime factors of b.
2, 13
Suppose n = 5*h + 110, -8*n = -3*n. Let y = 31 + h. What are the prime factors of y?
3
Let n(r) = 4*r**3 + 2*r**2 - 1. Let d be n(1). Let j(s) = -4*s + d - 2*s + 4*s. What are the prime factors of j(-5)?
3, 5
Let v(c) = 3*c**2 + 3*c + 2. Let x(p) = 2*p. Let j be x(2). Let a = 2 - j. List the prime factors of v(a).
2
Suppose 5*z - 31 = 24. Suppose -10 = -5*j - 3*m + m, 3*m + z = -j. Suppose 5*g - j*g = -3*d + 9, 0 = 5*g + 2*d - 19. List the prime factors of g.
3
Suppose 217 = 5*u - 3*g, 0*u - 4*g + 92 = 2*u. What are the prime factors of u?
2, 11
Let u = -68 + 121. What are the prime factors of u?
53
Let r = -256 + 380. List the prime factors of r.
2, 31
Suppose -3*j = -j. Suppose j = -3*i + 15, -4*i - 19 = -3*l - 0*i. List the prime factors of l.
13
Let t(m) = m**3 - 3*m**2 - 4*m - 4. Let f be t(5). Suppose 2*j + 86 - f = 5*y, 2*y = 4*j + 8. List the prime factors of y.
2, 7
Let j be -2*2*(-4)/16. List the prime factors of j + (-2 - 1)*-1.
2
Let k(c) = -4*c**3 - 3*c**2 - c + 3. What are the prime factors of k(-4)?
5, 43
Let z(b) = -4*b. Let q(a) = -a. Let m(w) = 7*q(w) - 2*z(w). Let d(n) = -n**3 + 5*n**2 + 4*n - 2. Let u(j) = d(j) - 5*m(j). What are the prime factors of u(4)?
2, 5
Suppose -14*w + 45 = -9*w. List the prime factors of 4/(-12) - (-399)/w.
2, 11
Let x = 359 - 214. What are the prime factors of x?
5, 29
Let h = -140 - -92. List the prime factors of h/(-9)*36/8.
2, 3
Suppose -3*y + 6*y = -9, -4*b - y + 1 = 0. Suppose 7 + b = t. Let h = t - -3. List the prime factors of h.
11
Let g be (-3 - (-15)/6)*-152. Suppose -5*k = -g + 6. List the prime factors of k.
2, 7
Suppose 4 = 3*t - 8. Suppose t*h = 4*u - 140, 3*u = -0*h + h + 99. List the prime factors of u.
2
Let y(f) = f**3 - 19*f**2 + 20*f + 1. List the prime factors of y(18).
37
Let b(v) = v - 4. Let x be b(7). Suppose p = x + 4. What are the prime factors of p?
7
Suppose h = 3*h - 34. Suppose -4*f - 10 = -2*f. Let z = f + h. What are the prime factors of z?
2, 3
Suppose 3*t = 101 + 88. What are the prime factors of t?
3, 7
Let b be (-33)/5 + 10/(-25). Let j(z) = -3*z + 5. Let t be j(b). Let v = -3 + t. What are the prime factors of v?
23
Let d be (0/(-2*1))/(-2). Suppose 2*b - 120 = -3*x - d*b, 200 = 5*x + 3*b. Suppose -6*h + h = -x. List the prime factors of h.
2
Suppose -q - 3*q + 116 = 5*v, -4*v - 118 = -3*q. List the prime factors of q.
2, 17
Suppose 0 = -10*b + 8*b + 84. List the prime factors of b.
2, 3, 7
Suppose 20 = 3*q - 10. Let h = -6 + q. Suppose -3*v = h*d - 8*v - 44, 3*d - 33 = -3*v. List the prime factors of d.
11
Let c(h) = 3*h**3 - 2*h**2 + h - 2. Let n be c(2). Suppose t + n = 3*t. List the prime factors of t.
2
Suppose 9*g + 80 = 4*g. Suppose -2*t - 6 = 4. Let d = t - g. List the prime factors of d.
11
Suppose -5*d + 3*d = -8. Let a(g) = 3 - g - 2*g + d*g. What are the prime factors of a(6)?
3
Suppose -5*z - 4 = -19. Suppose 3*k + k = 5*d - 24, 2*d + 5*k - z = 0. Suppose 2*j - 14 = d. What are the prime factors of j?
3
Let l(t) = t**3 + 4*t**2 - 2*t. Let o be l(-4). Suppose 5*h = 27 + o. Suppose 0 = -3*b + h - 1. What are the prime factors of b?
2
Let x(v) = -v. Let b(k) be the third derivative of k**5/60 + k**4/8 + k**3/3 - 3*k**2. Let u(w) = -b(w) + 3*x(w). List the prime factors of u(-4).
2, 3
Suppose -3*i + 1 = -2. Let t be (-24)/(-6)*i/2. What are the prime factors of t/4 - 34/(-4)?
3
Suppose 0 = s - 0 + 2. Let o be s/4 + 7/(-2). What are the prime factors of 11/(2*(-2)/o)?
11
List the prime factors of ((-72)/(-60))/((-1)/(-20)).
2, 3
Let c(g) = -g**3 + 8*g**2 - 7*g + 2. Let v = 6 + -3. Suppose 8*z - 35 = v*z. What are the prime factors of c(z)?
2
Let i be (-4)/6 + (-2)/6. Let b = i + 2. Suppose -b = -c + 7. What are the prime factors of c?
2
Suppose 0*f - 2*f + 2*t = 36, t = 0. Let s = -5 - f. List the prime factors of s.
13
Suppose 3*n - 172 = -n. List the prime factors of n.
43
Let t(a) = 36*a - 1. List the prime factors of t(1).
5, 7
Let i(o) = o**3 - 4*o**2 - 2*o - 10. List the prime factors of i(5).
5
Suppose 0*c - 4*c + 16 = 0. Let q be 6 - (2 - -4 - 3). Suppose -8 = -4*x - c*f, 13 = q*x + f - 3. List the prime factors of x.
7
Let z = -10 + 7. Let h = z - -5. List the prime factors of h.
2
Let y be 2 + (0 - -1) - 2. What are the prime factors of ((-6)/4)/(y/(-14))?
3, 7
Let q(g) be the third derivative of -g**4/24 + 11*g**3/6 - 2*g**2. Let i = 0 - 0. What are the prime factors of q(i)?
11
What are the prime factors of -2*-2*(-26)/(-8)?
13
Let z(r) = r**3 + 6*r**2 + 2*r + 8. Suppose 8*u = 3*u - 30. Let k be z(u). Let s = k + 10. What are the prime factors of s?
2, 3
Let b(t) = -t**3 - t**2 + 3*t. Let q(g) = g**2 + 4*g + 1. Let x be q(-6). Suppose 0*v - 4*z = v - x, -v - 19 = -4*z. List the prime factors of b(v).
3
Let t = 5 - 1. Suppose 3*p = -3*y - 12, 0 = y + 5*p + 4 + t. What are the prime factors of (1/y)/(2/(-66))?
11
Suppose 0*p + 4*p - 400 = 0. Suppose 3*j + 2*j = -4*q + p, 4*q - 4 = j. List the prime factors of j.
2
Suppose 2*w = -5*k - 474, 3*k = -2*w - 417 + 131. Let l = -66 - k. What are the prime factors of l?
2, 7
Let y(p) = p**2 + 3*p - 5. Let f be y(-5). Suppose 3*i - 4*i = 1, -i = -f*x + 81. What are the prime factors of x?
2
Suppose 2*i + 98 = 4*y, 2*y + 2*y = i + 103. What are the prime factors of y?
3
Suppose 0*m = -5*m - 110. Suppose -4*j + 88 = -40. Let v = j + m. What are the prime factors of v?
2, 5
Let x be (3/(-2) + 3)*2. Suppose 2*f - x - 13 = 0. What are the prime factors of f?
2
Let g be 4/(-2) - (-14)/2. Suppose -g =